{"id":232019,"date":"2024-07-08T11:51:13","date_gmt":"2024-07-08T11:51:13","guid":{"rendered":"https:\/\/test.knowe.se\/?page_id=232019"},"modified":"2024-07-11T12:07:21","modified_gmt":"2024-07-11T12:07:21","slug":"232019-2","status":"publish","type":"page","link":"https:\/\/test.knowe.se\/index.php\/232019-2\/","title":{"rendered":"Om oss"},"content":{"rendered":"<p>[et_pb_section fb_built=&#8221;1&#8243; disabled_on=&#8221;on|on|off&#8221; module_class=&#8221;hero-section-021 &#8221; _builder_version=&#8221;4.22.1&#8243; _module_preset=&#8221;default&#8221; background_color=&#8221;#1E1E1E&#8221; background_enable_image=&#8221;off&#8221; parallax=&#8221;on&#8221; custom_margin=&#8221;0px|0px|0px|0px|true|true&#8221; custom_padding=&#8221;0px|0px|0px|0px|true|true&#8221; locked=&#8221;off&#8221; global_colors_info=&#8221;{}&#8221;][et_pb_row column_structure=&#8221;1_5,3_5,1_5&#8243; use_custom_gutter=&#8221;on&#8221; custom_padding_last_edited=&#8221;on|phone&#8221; _builder_version=&#8221;4.22.1&#8243; _module_preset=&#8221;default&#8221; background_image=&#8221;https:\/\/test.knowe.se\/wp-content\/uploads\/2023\/11\/Desktop-5v.png&#8221; width=&#8221;100%&#8221; custom_padding_tablet=&#8221;&#8221; custom_padding_phone=&#8221;64px||0px||false|false&#8221; global_colors_info=&#8221;{}&#8221; max_height__hover_enabled=&#8221;on|desktop&#8221;][et_pb_column type=&#8221;1_5&#8243; _builder_version=&#8221;4.22.1&#8243; _module_preset=&#8221;default&#8221; global_colors_info=&#8221;{}&#8221;][\/et_pb_column][et_pb_column type=&#8221;3_5&#8243; _builder_version=&#8221;4.22.1&#8243; _module_preset=&#8221;default&#8221; custom_padding=&#8221;16%||16%||true|false&#8221; global_colors_info=&#8221;{}&#8221;][et_pb_text _builder_version=&#8221;4.22.1&#8243; _module_preset=&#8221;default&#8221; header_font=&#8221;Sora||||||||&#8221; header_font_size=&#8221;4rem&#8221; header_2_font=&#8221;Sora|600|||||||&#8221; header_2_text_color=&#8221;#fcfcfc&#8221; header_2_font_size=&#8221;1rem&#8221; custom_margin=&#8221;-8px||1px||false|false&#8221; custom_margin_tablet=&#8221;-22px||||false|false&#8221; custom_margin_phone=&#8221;-12px||2px||false|false&#8221; custom_margin_last_edited=&#8221;on|tablet&#8221; custom_padding=&#8221;||24px||false|false&#8221; custom_padding_tablet=&#8221;0px||0px||false|false&#8221; custom_padding_phone=&#8221;0px||0px||true|false&#8221; custom_padding_last_edited=&#8221;on|desktop&#8221; header_text_align_tablet=&#8221;&#8221; header_text_align_phone=&#8221;left&#8221; header_text_align_last_edited=&#8221;on|phone&#8221; header_font_size_tablet=&#8221;4rem&#8221; header_font_size_phone=&#8221;46px&#8221; header_font_size_last_edited=&#8221;on|phone&#8221; header_2_font_size_tablet=&#8221;3rem&#8221; header_2_font_size_phone=&#8221;2rem&#8221; header_2_font_size_last_edited=&#8221;on|phone&#8221; global_colors_info=&#8221;{}&#8221;]<\/p>\n<h1 style=\"text-align: center;\">The story behind<\/h1>\n<p>[\/et_pb_text][et_pb_text _builder_version=&#8221;4.22.1&#8243; _module_preset=&#8221;default&#8221; text_line_height=&#8221;1.6em&#8221; text_font_size_phone=&#8221;15px&#8221; text_line_height_phone=&#8221;1.5em&#8221; global_colors_info=&#8221;{}&#8221;]<\/p>\n<p style=\"text-align: center;\"><span data-metadata=\"&lt;!--(figmeta)eyJmaWxlS2V5IjoiNW5Wa29OVjVmT1FxZFJCZ3h6UGs2aiIsInBhc3RlSUQiOjU0MzczMTEwNCwiZGF0YVR5cGUiOiJzY2VuZSJ9Cg==(\/figmeta)--&gt;\"><\/span>Knowe startade 2013 med tre integrationsspecialister och processutvecklare. V\u00e5rt m\u00e5l var att automatisera b\u00e5de externa och interna processer \u00e5t v\u00e5ra kunder. Vi fokuserar alltid p\u00e5 att f\u00f6rst\u00e5 v\u00e5ra kunders behov och skapar skr\u00e4ddarsydda l\u00f6sningar som passar deras verksamhet och beteenden. P\u00e5 bara sex \u00e5r har vi vuxit fr\u00e5n tre till 17 specialister inom olika omr\u00e5den. Idag hj\u00e4lper vi f\u00f6retag i hela Sverige, fr\u00e5n Edsbyn i norr till Malm\u00f6 i s\u00f6der, inom olika branscher, inklusive inkasso, produktion och detaljhandel. Vi har \u00e4ven nyligen ut\u00f6kat v\u00e5ra tj\u00e4nster till den kommunala sektorn, d\u00e4r vi erbjuder skr\u00e4ddarsydda WordPress-l\u00f6sningar.<\/p>\n<p>[\/et_pb_text][\/et_pb_column][et_pb_column type=&#8221;1_5&#8243; _builder_version=&#8221;4.22.1&#8243; _module_preset=&#8221;default&#8221; global_colors_info=&#8221;{}&#8221;][\/et_pb_column][\/et_pb_row][\/et_pb_section][et_pb_section fb_built=&#8221;1&#8243; disabled_on=&#8221;off|off|on&#8221; module_class=&#8221;hero-section-021 &#8221; _builder_version=&#8221;4.22.1&#8243; _module_preset=&#8221;default&#8221; background_color=&#8221;#1E1E1E&#8221; background_image=&#8221;https:\/\/test.knowe.se\/wp-content\/uploads\/2023\/11\/Desktop-4-1.jpg&#8221; parallax=&#8221;on&#8221; custom_margin=&#8221;0px|0px|0px|0px|true|true&#8221; custom_padding=&#8221;0px|0px|0px|0px|true|true&#8221; locked=&#8221;off&#8221; global_colors_info=&#8221;{}&#8221;][et_pb_row custom_padding_last_edited=&#8221;on|phone&#8221; _builder_version=&#8221;4.22.1&#8243; _module_preset=&#8221;default&#8221; width_tablet=&#8221;&#8221; width_phone=&#8221;90%&#8221; width_last_edited=&#8221;on|phone&#8221; custom_padding_tablet=&#8221;&#8221; custom_padding_phone=&#8221;134px||52px||false|false&#8221; global_colors_info=&#8221;{}&#8221; max_height__hover_enabled=&#8221;on|desktop&#8221;][et_pb_column type=&#8221;4_4&#8243; _builder_version=&#8221;4.22.1&#8243; _module_preset=&#8221;default&#8221; global_colors_info=&#8221;{}&#8221;][et_pb_text _builder_version=&#8221;4.22.1&#8243; _module_preset=&#8221;default&#8221; header_font=&#8221;Sora||||||||&#8221; header_font_size=&#8221;4rem&#8221; header_2_font=&#8221;Sora|600|||||||&#8221; header_2_text_color=&#8221;#fcfcfc&#8221; header_2_font_size=&#8221;1rem&#8221; custom_margin=&#8221;-8px||1px||false|false&#8221; custom_margin_tablet=&#8221;-22px||||false|false&#8221; custom_margin_phone=&#8221;-12px||2px||false|false&#8221; custom_margin_last_edited=&#8221;on|tablet&#8221; custom_padding=&#8221;||24px||false|false&#8221; custom_padding_tablet=&#8221;0px||0px||false|false&#8221; custom_padding_phone=&#8221;0px||0px||true|false&#8221; custom_padding_last_edited=&#8221;on|desktop&#8221; header_text_align_tablet=&#8221;&#8221; header_text_align_phone=&#8221;left&#8221; header_text_align_last_edited=&#8221;on|phone&#8221; header_font_size_tablet=&#8221;4rem&#8221; header_font_size_phone=&#8221;46px&#8221; header_font_size_last_edited=&#8221;on|phone&#8221; header_2_font_size_tablet=&#8221;3rem&#8221; header_2_font_size_phone=&#8221;2rem&#8221; header_2_font_size_last_edited=&#8221;on|phone&#8221; global_colors_info=&#8221;{}&#8221;]<\/p>\n<h1 style=\"text-align: left;\">The story behind<\/h1>\n<p>[\/et_pb_text][et_pb_text _builder_version=&#8221;4.22.1&#8243; _module_preset=&#8221;default&#8221; text_line_height=&#8221;1.6em&#8221; text_font_size_phone=&#8221;15px&#8221; text_line_height_phone=&#8221;1.5em&#8221; global_colors_info=&#8221;{}&#8221;]<\/p>\n<div class=\"header-content-container center\">\n<div class=\"header-content\">\n<div class=\"et_pb_header_content_wrapper\">\n<div class=\"group w-full text-token-text-primary border-b border-black\/10 gizmo:border-0 dark:border-gray-900\/50 gizmo:dark:border-0 bg-gray-50 gizmo:bg-transparent dark:bg-[#444654] gizmo:dark:bg-transparent\" data-testid=\"conversation-turn-3\">\n<div class=\"p-4 justify-center text-base md:gap-6 md:py-6 m-auto\">\n<div class=\"flex flex-1 gap-4 text-base mx-auto md:gap-6 md:max-w-2xl lg:max-w-[38rem] xl:max-w-3xl }\">\n<div class=\"relative flex w-[calc(100%-50px)] flex-col gap-1 md:gap-3 lg:w-[calc(100%-115px)]\">\n<div class=\"flex flex-grow flex-col gap-3 max-w-full\">\n<div class=\"min-h-[20px] flex flex-col items-start gap-3 overflow-x-auto whitespace-pre-wrap break-words\">\n<div class=\"markdown prose w-full break-words dark:prose-invert light\">\n<p style=\"text-align: left;\">Knowe startade 2013 med tre integrationsspecialister och processutvecklare. V\u00e5rt m\u00e5l var att automatisera b\u00e5de externa och interna processer \u00e5t v\u00e5ra kunder. Vi fokuserar alltid p\u00e5 att f\u00f6rst\u00e5 v\u00e5ra kunders behov och skapar skr\u00e4ddarsydda l\u00f6sningar som passar deras verksamhet och beteenden. P\u00e5 bara sex \u00e5r har vi vuxit fr\u00e5n tre till 17 specialister inom olika omr\u00e5den. Idag hj\u00e4lper vi f\u00f6retag i hela Sverige, fr\u00e5n Edsbyn i norr till Malm\u00f6 i s\u00f6der, inom olika branscher, inklusive inkasso, produktion och detaljhandel. Vi har \u00e4ven nyligen ut\u00f6kat v\u00e5ra tj\u00e4nster till den kommunala sektorn, d\u00e4r vi erbjuder skr\u00e4ddarsydda WordPress-l\u00f6sningar.<\/p>\n<\/div>\n<\/div>\n<\/div>\n<\/div>\n<\/div>\n<\/div>\n<\/div>\n<\/div>\n<\/div>\n<\/div>\n<div class=\"header-image-container center\"><\/div>\n<p>[\/et_pb_text][\/et_pb_column][\/et_pb_row][\/et_pb_section][et_pb_section fb_built=&#8221;1&#8243; custom_padding_last_edited=&#8221;on|phone&#8221; _builder_version=&#8221;4.22.1&#8243; _module_preset=&#8221;default&#8221; background_color=&#8221;#1E1E1E&#8221; custom_padding=&#8221;||||false|false&#8221; custom_padding_tablet=&#8221;64px||||false|false&#8221; custom_padding_phone=&#8221;0px||42px||false|false&#8221; locked=&#8221;off&#8221; global_colors_info=&#8221;{}&#8221;][et_pb_row _builder_version=&#8221;4.22.1&#8243; _module_preset=&#8221;default&#8221; width=&#8221;60%&#8221; width_tablet=&#8221;60%&#8221; width_phone=&#8221;&#8221; width_last_edited=&#8221;on|phone&#8221; custom_margin=&#8221;-13px|auto||auto||&#8221; custom_margin_tablet=&#8221;-13px|auto||auto||&#8221; custom_margin_phone=&#8221;-27px||||false|false&#8221; custom_margin_last_edited=&#8221;on|desktop&#8221; global_colors_info=&#8221;{}&#8221;][et_pb_column type=&#8221;4_4&#8243; _builder_version=&#8221;4.19.0&#8243; _module_preset=&#8221;default&#8221; custom_padding=&#8221;|15px||15px|false|true&#8221; custom_padding_tablet=&#8221;|15px|20px|15px|false|true&#8221; custom_padding_phone=&#8221;|15px|20px|15px|false|true&#8221; custom_padding_last_edited=&#8221;on|tablet&#8221; global_colors_info=&#8221;{}&#8221;][et_pb_image src=&#8221;https:\/\/test.knowe.se\/wp-content\/uploads\/2023\/09\/Group-3.png&#8221; title_text=&#8221;Group 3&#8243; _builder_version=&#8221;4.22.1&#8243; _module_preset=&#8221;default&#8221; global_colors_info=&#8221;{}&#8221;][\/et_pb_image][\/et_pb_column][\/et_pb_row][\/et_pb_section][et_pb_section fb_built=&#8221;1&#8243; disabled_on=&#8221;off|off|on&#8221; module_class=&#8221;hero-section-021 &#8221; _builder_version=&#8221;4.22.1&#8243; _module_preset=&#8221;default&#8221; background_color=&#8221;#1E1E1E&#8221; background_enable_image=&#8221;off&#8221; parallax=&#8221;on&#8221; custom_margin=&#8221;0px|0px|0px|0px|true|true&#8221; custom_padding=&#8221;0px|0px|0px|0px|true|true&#8221; locked=&#8221;off&#8221; global_colors_info=&#8221;{}&#8221;][et_pb_row custom_padding_last_edited=&#8221;on|phone&#8221; _builder_version=&#8221;4.22.1&#8243; _module_preset=&#8221;default&#8221; width_tablet=&#8221;&#8221; width_phone=&#8221;91%&#8221; width_last_edited=&#8221;on|phone&#8221; custom_padding_tablet=&#8221;&#8221; custom_padding_phone=&#8221;0px||84px||false|false&#8221; global_colors_info=&#8221;{}&#8221; max_height__hover_enabled=&#8221;on|desktop&#8221;][et_pb_column type=&#8221;4_4&#8243; _builder_version=&#8221;4.22.1&#8243; _module_preset=&#8221;default&#8221; global_colors_info=&#8221;{}&#8221;][et_pb_text _builder_version=&#8221;4.22.1&#8243; _module_preset=&#8221;default&#8221; header_font=&#8221;Sora||||||||&#8221; header_font_size=&#8221;4rem&#8221; header_2_font=&#8221;Sora|600|||||||&#8221; header_2_text_color=&#8221;#fcfcfc&#8221; header_2_font_size=&#8221;1rem&#8221; custom_margin=&#8221;-8px||1px||false|false&#8221; custom_margin_tablet=&#8221;-22px||||false|false&#8221; custom_margin_phone=&#8221;-12px||2px||false|false&#8221; custom_margin_last_edited=&#8221;on|tablet&#8221; custom_padding=&#8221;||24px||false|false&#8221; custom_padding_tablet=&#8221;0px||0px||false|false&#8221; custom_padding_phone=&#8221;0px||0px||true|false&#8221; custom_padding_last_edited=&#8221;on|desktop&#8221; header_text_align_tablet=&#8221;&#8221; header_text_align_phone=&#8221;left&#8221; header_text_align_last_edited=&#8221;on|phone&#8221; header_font_size_tablet=&#8221;4rem&#8221; header_font_size_phone=&#8221;46px&#8221; header_font_size_last_edited=&#8221;on|phone&#8221; header_2_font_size_tablet=&#8221;3rem&#8221; header_2_font_size_phone=&#8221;2rem&#8221; header_2_font_size_last_edited=&#8221;on|phone&#8221; global_colors_info=&#8221;{}&#8221;]<\/p>\n<h2 style=\"text-align: left;\">Vi har erfarenhet och kompetens att hj\u00e4lpa er hela v\u00e4gen.<\/h2>\n<p>[\/et_pb_text][et_pb_text _builder_version=&#8221;4.22.1&#8243; _module_preset=&#8221;default&#8221; text_line_height=&#8221;1.6em&#8221; text_font_size_phone=&#8221;15px&#8221; text_line_height_phone=&#8221;1.5em&#8221; global_colors_info=&#8221;{}&#8221;]<\/p>\n<div class=\"header-content-container center\">\n<div class=\"header-content\">\n<div class=\"et_pb_header_content_wrapper\">\n<div class=\"group w-full text-token-text-primary border-b border-black\/10 gizmo:border-0 dark:border-gray-900\/50 gizmo:dark:border-0 bg-gray-50 gizmo:bg-transparent dark:bg-[#444654] gizmo:dark:bg-transparent\" data-testid=\"conversation-turn-3\">\n<div class=\"p-4 justify-center text-base md:gap-6 md:py-6 m-auto\">\n<div class=\"flex flex-1 gap-4 text-base mx-auto md:gap-6 md:max-w-2xl lg:max-w-[38rem] xl:max-w-3xl }\">\n<div class=\"relative flex w-[calc(100%-50px)] flex-col gap-1 md:gap-3 lg:w-[calc(100%-115px)]\">\n<div class=\"flex flex-grow flex-col gap-3 max-w-full\">\n<div class=\"min-h-[20px] flex flex-col items-start gap-3 overflow-x-auto whitespace-pre-wrap break-words\">\n<div class=\"markdown prose w-full break-words dark:prose-invert light\">\n<p style=\"text-align: left;\"><span>Vi skapar, f\u00f6rvaltar och st\u00f6djer digitala l\u00f6sningar genom n\u00e4ra samarbete med v\u00e5ra kunder. Trots v\u00e5r unga \u00e5lder har vi den kompetens och erfarenhet som beh\u00f6vs. Fr\u00e5n m\u00e5lbild till realisering \u00e4r vi med hela v\u00e4gen och fungerar som en l\u00e5ngsiktig partner f\u00f6r nyutveckling och support. V\u00e5rt team \u00e4r noga utvalt och st\u00f6ttas av partners som delar v\u00e5r filosofi och uppfyller v\u00e5rt kundl\u00f6fte.<\/span><\/p>\n<\/div>\n<\/div>\n<\/div>\n<\/div>\n<\/div>\n<\/div>\n<\/div>\n<\/div>\n<\/div>\n<\/div>\n<div class=\"header-image-container center\"><\/div>\n<p>[\/et_pb_text][et_pb_button button_text=&#8221;L\u00e4s mer om v\u00e5ra tj\u00e4nster&#8221; _builder_version=&#8221;4.22.1&#8243; _module_preset=&#8221;c73a216e-c33f-4c93-9987-2b6904a0d1d6&#8243; custom_margin=&#8221;38px||||false|false&#8221; global_colors_info=&#8221;{}&#8221;][\/et_pb_button][\/et_pb_column][\/et_pb_row][\/et_pb_section][et_pb_section fb_built=&#8221;1&#8243; custom_padding_last_edited=&#8221;on|phone&#8221; disabled_on=&#8221;on|on|off&#8221; _builder_version=&#8221;4.22.1&#8243; _module_preset=&#8221;default&#8221; background_color=&#8221;#1E1E1E&#8221; custom_padding=&#8221;125px||125px||true|&#8221; custom_padding_tablet=&#8221;180px||180px||true|&#8221; custom_padding_phone=&#8221;0px||0px||true|false&#8221; locked=&#8221;off&#8221; global_colors_info=&#8221;{}&#8221;][et_pb_row column_structure=&#8221;1_2,1_2&#8243; use_custom_gutter=&#8221;on&#8221; make_equal=&#8221;on&#8221; _builder_version=&#8221;4.22.1&#8243; _module_preset=&#8221;default&#8221; width=&#8221;100%&#8221; width_tablet=&#8221;80%&#8221; width_phone=&#8221;80%&#8221; width_last_edited=&#8221;on|phone&#8221; custom_padding=&#8221;||0px|||&#8221; module_alignment_tablet=&#8221;center&#8221; module_alignment_phone=&#8221;center&#8221; module_alignment_last_edited=&#8221;on|tablet&#8221; global_colors_info=&#8221;{}&#8221;][et_pb_column type=&#8221;1_2&#8243; _builder_version=&#8221;4.22.1&#8243; _module_preset=&#8221;default&#8221; global_colors_info=&#8221;{}&#8221;][et_pb_image src=&#8221;https:\/\/test.knowe.se\/wp-content\/uploads\/2023\/09\/Group-1.png&#8221; title_text=&#8221;Group 1&#8243; _builder_version=&#8221;4.22.1&#8243; _module_preset=&#8221;default&#8221; global_colors_info=&#8221;{}&#8221;][\/et_pb_image][\/et_pb_column][et_pb_column type=&#8221;1_2&#8243; _builder_version=&#8221;4.22.1&#8243; _module_preset=&#8221;default&#8221; custom_padding=&#8221;198px|32px|||false|false&#8221; global_colors_info=&#8221;{}&#8221;][et_pb_text _builder_version=&#8221;4.22.1&#8243; _module_preset=&#8221;cf15067e-8a4f-4db2-bdb3-173f809dd569&#8243; global_colors_info=&#8221;{}&#8221;]<\/p>\n<h2 style=\"text-align: left;\">Vi har erfarenhet och kompetens att hj\u00e4lpa er hela v\u00e4gen.<\/h2>\n<p>[\/et_pb_text][et_pb_text _builder_version=&#8221;4.22.1&#8243; _module_preset=&#8221;default&#8221; width=&#8221;60%&#8221; width_tablet=&#8221;60%&#8221; width_phone=&#8221;60%&#8221; width_last_edited=&#8221;on|phone&#8221; min_height=&#8221;110.6px&#8221; custom_padding=&#8221;|0px|25px|0px|false|false&#8221; global_colors_info=&#8221;{}&#8221;]<\/p>\n<p><span>Vi skapar, f\u00f6rvaltar och st\u00f6djer digitala l\u00f6sningar genom n\u00e4ra samarbete med v\u00e5ra kunder. Trots v\u00e5r unga \u00e5lder har vi den kompetens och erfarenhet som beh\u00f6vs. Fr\u00e5n m\u00e5lbild till realisering \u00e4r vi med hela v\u00e4gen och fungerar som en l\u00e5ngsiktig partner f\u00f6r nyutveckling och support. V\u00e5rt team \u00e4r noga utvalt och st\u00f6ttas av partners som delar v\u00e5r filosofi och uppfyller v\u00e5rt kundl\u00f6fte.<\/span><\/p>\n<p>[\/et_pb_text][et_pb_button button_text=&#8221;L\u00e4s mer om v\u00e5ra tj\u00e4nster&#8221; _builder_version=&#8221;4.22.1&#8243; _module_preset=&#8221;default&#8221; custom_margin_tablet=&#8221;&#8221; custom_margin_phone=&#8221;||||false|false&#8221; custom_margin_last_edited=&#8221;on|phone&#8221; hover_enabled=&#8221;0&#8243; global_colors_info=&#8221;{}&#8221; button_url=&#8221;@ET-DC@eyJkeW5hbWljIjp0cnVlLCJjb250ZW50IjoicG9zdF9saW5rX3VybF9wYWdlIiwic2V0dGluZ3MiOnsicG9zdF9pZCI6IjcxNzYifX0=@&#8221; _dynamic_attributes=&#8221;button_url&#8221; sticky_enabled=&#8221;0&#8243;][\/et_pb_button][\/et_pb_column][\/et_pb_row][\/et_pb_section]<\/p>\n","protected":false},"excerpt":{"rendered":"<p>The story behindKnowe startade 2013 med tre integrationsspecialister och processutvecklare. V\u00e5rt m\u00e5l var att automatisera b\u00e5de externa och interna processer \u00e5t v\u00e5ra kunder. Vi fokuserar alltid p\u00e5 att f\u00f6rst\u00e5 v\u00e5ra kunders behov och skapar skr\u00e4ddarsydda l\u00f6sningar som passar deras verksamhet och beteenden. P\u00e5 bara sex \u00e5r har vi vuxit fr\u00e5n tre till 17 specialister inom [&hellip;]<\/p>\n","protected":false},"author":2,"featured_media":0,"parent":0,"menu_order":0,"comment_status":"closed","ping_status":"closed","template":"","meta":{"_et_pb_use_builder":"on","_et_pb_old_content":"","_et_gb_content_width":"","footnotes":""},"class_list":["post-232019","page","type-page","status-publish","hentry"],"_links":{"self":[{"href":"https:\/\/test.knowe.se\/index.php\/wp-json\/wp\/v2\/pages\/232019","targetHints":{"allow":["GET"]}}],"collection":[{"href":"https:\/\/test.knowe.se\/index.php\/wp-json\/wp\/v2\/pages"}],"about":[{"href":"https:\/\/test.knowe.se\/index.php\/wp-json\/wp\/v2\/types\/page"}],"author":[{"embeddable":true,"href":"https:\/\/test.knowe.se\/index.php\/wp-json\/wp\/v2\/users\/2"}],"replies":[{"embeddable":true,"href":"https:\/\/test.knowe.se\/index.php\/wp-json\/wp\/v2\/comments?post=232019"}],"version-history":[{"count":41,"href":"https:\/\/test.knowe.se\/index.php\/wp-json\/wp\/v2\/pages\/232019\/revisions"}],"predecessor-version":[{"id":232317,"href":"https:\/\/test.knowe.se\/index.php\/wp-json\/wp\/v2\/pages\/232019\/revisions\/232317"}],"wp:attachment":[{"href":"https:\/\/test.knowe.se\/index.php\/wp-json\/wp\/v2\/media?parent=232019"}],"curies":[{"name":"wp","href":"https:\/\/api.w.org\/{rel}","templated":true}]}}